be k(41). Calculate the highest common divisor of c and 9313.
139
Let c(l) = -123*l - 2004. Let o be c(-23). What is the highest common divisor of o and 8525?
275
Let z = -177 - -185. Let k be (1 + 11)/(420/50 - z). Calculate the greatest common divisor of k and 510.
30
Suppose 0 = -407*s + 5282837 + 12156716 - 1493293. What is the highest common divisor of 12 and s?
12
Let t = 15915 + -11199. What is the highest common divisor of t and 36?
36
Let v(b) = 2*b**2 - 5*b - 6. Let d = 4 + -10. Let q be v(d). Let o(k) = 6*k**2 - 15*k - 12. Let h be o(4). What is the highest common factor of q and h?
24
Let j = -9 + 10. Let x = 35 - j. Let o(m) = m**2 + 2. Let p be o(7). Calculate the greatest common factor of p and x.
17
Let j(m) = 10 + 7*m - 13 - 22. Let o be j(4). Suppose 2*f + 21 = o*b, 0*b + 4*f = -2*b + 14. Calculate the highest common divisor of b and 7.
7
Let o(d) = d**2 + 31*d - 98. Let h be o(-35). Calculate the greatest common factor of 36078 and h.
42
Let j = -4847 + 4886. Calculate the greatest common factor of j and 4836.
39
Let c = 454 + -450. Let u = 42 - 33. Let l be (-22)/(-99) - 2/u - -3. What is the highest common factor of c and l?
1
Let g(x) = x**2 + 16*x + 31. Let b be g(-14). Let h be 9*2/b*52/39. Let m be (132/1)/(3 - (-3)/(-2)). What is the greatest common factor of m and h?
8
Let b(c) = -1. Let n(u) = u - 29. Let h(y) = 5*b(y) - n(y). Let i be h(-3). Calculate the highest common factor of 54 and i.
27
Let g = -11079 + 11175. What is the highest common divisor of g and 240?
48
Suppose -9462 = -129*w + 3051. What is the highest common divisor of w and 2425?
97
Let m be -14064*2/32*-8. Calculate the highest common divisor of 48 and m.
24
Suppose 14*o - 11*o - 930 = 0. Suppose 19*u + 496 = 23*u. What is the highest common factor of o and u?
62
Let w be 0*1/(1 + -4). Let n = -15 + w. Let g = 12 - n. Calculate the highest common divisor of 27 and g.
27
Suppose -139*c + 144 = -19*c - 456. What is the greatest common divisor of c and 3295?
5
Let l = -7 + 109. Suppose 5*j - 198 = 3*w - 4, 0 = 3*j + 3*w - l. Calculate the highest common divisor of j and 296.
37
Let g = 7 + -38. Let l = g - -45. Let q be -1 + ((-88)/(-6) - l/21). What is the greatest common divisor of q and 26?
13
Suppose -15*p + 1053 + 9824 + 88 = 0. Calculate the greatest common divisor of p and 1032.
43
Suppose -688 - 8 = -2*v. Let f(c) = 169*c - 4853. Let a be f(29). What is the greatest common factor of a and v?
12
Let r = 288 + -285. Suppose 0 = -3*z + 5*f - 8*f + 717, 5*z - 1203 = r*f. Calculate the greatest common factor of z and 64.
16
Let n(k) = -2*k**3 - k**2 + 4*k + 40. Let w be n(0). What is the highest common factor of 690 and w?
10
Suppose l + 66 = 2*p, p = 4*l + 13 + 6. Let q(y) = 87*y**2 - 2864*y - 56. Let i be q(33). What is the greatest common factor of i and p?
35
Let n(c) = -c**3 + 17*c**2 + 304*c - 23. Let g be n(-11). Calculate the greatest common factor of g and 11361.
21
Let o = -3027 - -3104. What is the highest common divisor of o and 374?
11
Let z = -9391 + 9438. What is the highest common factor of 94 and z?
47
Suppose -j = 3*m - 38, -4*m - j - 498 + 547 = 0. What is the highest common factor of m and 45001?
11
Suppose -21*g + 14*g = -14490. Suppose -2*r - 3*q + g = -5*q, -2*q = -4. Calculate the greatest common factor of 61 and r.
61
Suppose 16*g + 968 = 18*g. Let x be 5 - (234/27)/(2/(-9)). Calculate the greatest common divisor of g and x.
44
Let k(t) = 4*t**2 - 164*t - 167. Let r be k(42). Let q = 11 + -18. Let w be (-7552)/(-56) - r/q. Calculate the greatest common divisor of 15 and w.
15
Let x(u) = -41*u - 17. Let w be x(-2). Suppose 4*q = 4*s + 364, -4*q - 4*s + 182 = -2*q. What is the highest common factor of w and q?
13
Let p = -40 - -211. Suppose -2*o - t = -149 + 40, -3*o + t + p = 0. Let u = 1072 + -1065. Calculate the highest common factor of o and u.
7
Let y = -626 + 652. Suppose 4*x - 38 - y = 0. Calculate the highest common factor of 72 and x.
8
Let f(c) = 13*c + 5989. Let i be f(-106). Calculate the highest common factor of 435 and i.
87
Let q be (-1*10)/(5 - 33/6). Let o(l) = 6*l - 103. Let r be o(q). What is the highest common factor of 17 and r?
17
Let n(d) = 4*d**2 + 36*d + 542. Let t be n(-13). Calculate the highest common divisor of t and 90.
30
Let n(y) = y**3 + 12*y**2 + 6*y + 74. Let m be n(-12). Suppose 276 - 78 = 4*b - 2*z, 3*b - z - 149 = 0. What is the greatest common divisor of m and b?
2
Let q be -120*(76/(-10))/((-6)/(-5)). What is the greatest common factor of q and 608?
152
Let o = 1776 + -1555. Calculate the highest common factor of 17 and o.
17
Let z = 7221 - 7134. Calculate the highest common factor of 6641 and z.
29
Let y = 22433 + -22416. Calculate the greatest common factor of y and 35513.
17
Let d = 2 - 2. Suppose q - 3*q - 4*j + 400 = d, -j = -q + 188. Let z be (-16)/(-6)*(-5)/1*24/(-10). Calculate the highest common factor of q and z.
32
Suppose 41*u + 174 = -154. Suppose 3*k - 4*k = -2*a - 103, -2*a - 109 = 5*k. Let y = u - a. Calculate the highest common divisor of 110 and y.
22
Suppose 3*o = -11 + 62. Suppose 537 = 2*a + x, a = x - 117 + 396. What is the highest common divisor of a and o?
17
Suppose -103464 = -139*o + 123*o - 39320. What is the highest common factor of o and 19?
19
Let i(p) = 97*p - 214. Let c be i(3). What is the highest common divisor of 14 and c?
7
Let g = 5220 + -270. Calculate the highest common divisor of 270 and g.
90
Let j(f) = 10*f**2 + f. Let c be j(-1). Suppose 0 = 2*o - 6*o - 2*d + 10, 6*d = 2*o - 12. What is the highest common divisor of c and o?
3
Suppose -i = 2*i - 5*u - 525, 3*i + u = 525. Let s(g) = 146*g - 5541. Let k be s(38). Calculate the greatest common factor of k and i.
7
Let g be 12/72 - 26/12. Let c be (8*g)/((-3)/6). Let u = 769 - 705. What is the highest common divisor of c and u?
32
Suppose 5*r = 5*q - 106 - 264, -3*r = 0. Suppose 4*i - 4*f = -2 + q, 0 = 3*i - 5*f - 58. What is the highest common divisor of i and 336?
16
Let d = 5390 - 5332. Suppose 3*k - 93 = 2169. Calculate the highest common factor of d and k.
58
Suppose 3*p - 152 = -4*d - 33, 0 = -5*p + 5*d + 140. Suppose -p = -3*c - 2*f - 1, -3*f + 4 = -c. Calculate the greatest common divisor of 52 and c.
4
Suppose -5*x - 11 = -4*v + 45, -2*v = -8. Let g be (-448)/(-7)*(-10)/x. What is the highest common divisor of 40 and g?
40
Let m = 3284 - 2144. Calculate the highest common divisor of 304 and m.
76
Suppose 236 + 226 = 3*v. Suppose -v - 30 = -n. Let d = -94 + n. What is the greatest common divisor of 18 and d?
18
Let r(o) = -2968*o - 5924. Let l be r(-2). Suppose 4*c = 3*k + 578 - 35, 2*c + 3*k = 285. What is the greatest common factor of l and c?
6
Let w be 2*12*(-3)/(-27)*1866. What is the highest common divisor of 16 and w?
16
Let l(y) = 149*y**2 - 368*y + 3243. Let q be l(9). What is the greatest common factor of q and 288?
96
Suppose -2*r = -21 + 9. Let k be 4*(-4)/48 + 92/r. Calculate the highest common divisor of k and 12.
3
Let h(k) = -k**3 - 12*k**2 + 13*k + 17. Let n be h(-13). Let z = 486 - n. Let o be z/7 - (4 + 0). Calculate the greatest common factor of 9 and o.
9
Let v = -224 - -205. Let x(l) = 2*l + 49. Let t be x(v). Calculate the greatest common divisor of 33 and t.
11
Suppose 21 = 2*q + 2*v + 9, 7 = 2*q + v. Suppose 166*h = 160*h + 114. Let j be (h - 24)*(0/1 + -1). Calculate the highest common divisor of j and q.
1
Let q be 3/7 - (-2458)/(23/(184/112)). Calculate the greatest common divisor of q and 40.
8
Suppose 9*t - 4*t - 2*d - 2225 = 0, -2*d = t - 457. Suppose -983 = -11*v + t. What is the highest common factor of v and 52?
26
Suppose -3*h - d = -47469, -15*h + 10*h - 4*d + 79108 = 0. Calculate the greatest common factor of 46 and h.
46
Let i = -3 + 18. Suppose -3*a + i = 0, -a - 23 + 80 = 4*p. Suppose p = q - 5. What is the greatest common divisor of 2 and q?
2
Suppose 0 = -6*j + 208 - 130. Suppose -40 = -3*g - j. Let y be 2*3*-3*-1. Calculate the highest common divisor of y and g.
9
Let g(l) = -l**2 - 8*l + 86. Let i be g(6). Suppose 0*v + 4*m = 5*v - 92, -i*m = 3*v - 64. What is the highest common divisor of 16 and v?
4
Let y = -498 + 502. Let b(w) = w**3 + 18*w**2 - w - 9. Let f be b(-18). Let t = f + 31. What is the highest common factor of y and t?
4
Suppos